base 4) to base 6.
-1522
What is -2e66 (base 16) in base 2?
-10111001100110
107 (base 13) to base 9
215
What is -2b86 (base 12) in base 10?
-5142
Convert 111100000 (base 2) to base 13.
2ac
What is -1116 (base 8) in base 11?
-497
Convert 1411 (base 14) to base 12.
2073
a3 (base 15) to base 5
1103
402 (base 15) to base 5
12102
What is -396 (base 16) in base 11?
-765
-2328 (base 9) to base 11
-1330
22134 (base 5) to base 13
91a
What is -849 (base 12) in base 7?
-3345
2300 (base 5) to base 2
101000101
10203111 (base 4) to base 14
6b1b
Convert 3be (base 15) to base 7.
2330
Convert a6b7 (base 14) to base 8.
70151
Convert d1 (base 14) to base 2.
10110111
What is 3b3 (base 14) in base 9?
1017
What is -666 (base 10) in base 11?
-556
Convert 1110101111110 (base 2) to base 12.
4452
Convert -1102032 (base 5) to base 10.
-19017
-17a6 (base 11) to base 7
-6455
c90 (base 13) to base 12
12a9
What is -1673 (base 8) in base 9?
-1271
-10220 (base 3) to base 6
-253
50313 (base 7) to base 14
460a
Convert aa8 (base 15) to base 9.
3265
-3b (base 15) to base 16
-38
16188 (base 11) to base 5
1212334
13762 (base 9) to base 7
36215
9437 (base 12) to base 8
37453
-fb (base 16) to base 8
-373
-1144503 (base 6) to base 10
-60663
What is -2110011101 (base 3) in base 16?
-bc68
263 (base 13) to base 11
351
-110101 (base 2) to base 12
-45
Convert -4243 (base 5) to base 11.
-481
What is -1517 (base 10) in base 11?
-115a
What is -2ea (base 15) in base 3?
-220211
What is 3141 (base 12) in base 3?
21101011
-d0 (base 14) to base 5
-1212
What is 135530 (base 6) in base 4?
3022032
What is 100400 (base 5) in base 14?
1265
Convert -10011000010 (base 2) to base 10.
-1218
1d4 (base 14) to base 4
11332
10a24 (base 11) to base 3
210210001
371 (base 8) to base 6
1053
What is 40b (base 13) in base 2?
1010101111
32123 (base 4) to base 11
76a
What is 127 (base 12) in base 16?
af
11120112 (base 3) to base 11
2562
What is 3783 (base 10) in base 7?
14013
Convert 5523 (base 9) to base 14.
16ab
What is 25544 (base 8) in base 15?
3458
What is 4624 (base 10) in base 9?
6307
What is -116426 (base 8) in base 2?
-1001110100010110
Convert 13000 (base 4) to base 14.
240
What is -326613 (base 7) in base 16?
-e0f1
What is -4354 (base 8) in base 7?
-6442
What is -15037 (base 8) in base 10?
-6687
Convert -c293 (base 13) to base 7.
-141125
Convert a2b (base 13) to base 3.
2100222
-16514 (base 10) to base 15
-4d5e
What is acb (base 13) in base 3?
2112210
What is 13020 (base 13) in base 6?
430510
Convert c0a (base 15) to base 2.
101010010110
Convert -145 (base 14) to base 5.
-2012
Convert -1002043 (base 5) to base 15.
-4a9d
Convert 2655 (base 8) to base 10.
1453
What is -1c2 (base 15) in base 4?
-12113
What is -18524 (base 9) in base 10?
-12820
18 (base 13) to base 3
210
What is -2044 (base 11) in base 14?
-db8
What is 31131 (base 5) in base 3?
2210121
Convert -11146 (base 9) to base 8.
-16365
Convert 3e6 (base 16) to base 7.
2624
Convert -25a (base 13) to base 5.
-3123
22211011 (base 3) to base 13
2c08
What is 131 (base 6) in base 16?
37
What is 1a8 (base 15) in base 14?
1d5
What is 5111 (base 6) in base 15?
4ed
What is 1010 (base 8) in base 5?
4040
What is 858 (base 15) in base 5?
30013
Convert 100101 (base 3) to base 15.
11d
What is -1424 (base 9) in base 15?
-4ba
Convert -11032123 (base 4) to base 16.
-539b
-250510 (base 6) to base 16
-56ca
22030012 (base 4) to base 16
a306
Convert -1557 (base 9) to base 15.
-541
Convert 4466 (base 9) to base 13.
166b
What is cb (base 16) in base 3?
21112
What is 37a (base 14) in base 7?
2013
-2120 (base 8) to base 16
-450
What is -112022 (base 4) in base 6?
-10322
Convert 1a4a (base 13) to base 9.
5367
Convert -17290 (base 15) to base 11.
-51252
Convert -111110100101 (base 2) to base 9.
-5440
What is 511 (base 8) in base 3?
110012
What is 76a (base 16) in base 6?
12442
-1c0b9 (base 14) to base 8
-213523
Convert -1003012 (base 4) to base 16.
-10c6
What is 2252 (base 8) in base 5?
14234
113230 (base 4) to base 12
a64
Convert 280 (base 11) to base 3.
110020
-137a7 (base 11) to base 4
-10302032
-165 (base 9) to base 13
-aa
10110110010 (base 2) to base 14
762
Convert -6033 (base 11) to base 7.
-32250
What is 1079 (base 15) in base 11?
2692
What is -42 (base 12) in base 3?
-1212
1524 (base 15) to base 14
191c
Convert 4de (base 15) to base 7.
3143
Convert -200440 (base 6) to base 13.
-7203
What is -1101 (base 4) in base 6?
-213
Convert -111000110 (base 2) to base 10.
-454
What is 3132 (base 6) in base 8?
1300
Convert 36626 (base 8) to base 11.
10933
661a (base 11) to base 12
5079
What is 114b4 (base 14) in base 2?
1010010001110110
What is -5003 (base 10) in base 2?
-1001110001011
Convert -269 (base 12) to base 14.
-1c5
What is -402 (base 13) in base 5?
-10203
What is 104113 (base 5) in base 15?
113d
104241 (base 7) to base 8
43602
-1823 (base 13) to base 14
-1438
What is 16550 (base 7) in base 16?
1283
What is -1122103 (base 4) in base 13?
-2827
Convert 21a8 (base 12) to base 4.
322100
Convert -141410 (base 5) to base 9.
-8025
What is 200201212 (base 3) in base 2?
11010101011010
240121 (base 5) to base 13
3ccb
Convert -2201211 (base 3) to base 12.
-11a1
Convert -121111 (base 3) to base 6.
-2021
Convert 1001000111101 (base 2) to base 3.
20101221
-8794 (base 14) to base 7
-125244
Convert -14537 (base 8) to base 4.
-1211133
Convert -1011 (base 4) to base 10.
-69
Convert -1163 (base 7) to base 11.
-368
Convert 15764 (base 8) to base 6.
53044
Convert -1001101 (base 2) to base 4.
-1031
Convert -100111111000 (base 2) to base 4.
-213320
What is 2061 (base 9) in base 5?
22023
Convert -11 (base 4) to base 8.
-5
What is -2c9 (base 14) in base 16?
-239
Convert 4101 (base 9) to base 7.
11512
What is -23702 (base 9) in base 4?
-3320012
-11737 (base 10) to base 12
-6961
-43305 (base 11) to base 2
-1111010111001101
-20120 (base 3) to base 7
-342
22100221 (base 3) to base 11
4646
Convert 11011100 (base 3) to base 8.
5731
What is -1443 (base 6) in base 12?
-283
Convert 14286 (base 13) to base 4.
21032211
-12b15 (base 13) to base 12
-181a8
What is 241 (base 5) in base 13?
56
-10569 (base 16) to base 9
-111716
-2833 (base 10) to base 6
-21041
-4a (base 13) to base 3
-2022
Convert -82c (base 14) to base 6.
-11240
What is 133323 (base 4) in base 14?
a5d
-4653 (base 10) to base 14
-19a5
Convert -122220110 (base 3) to base 5.
-404203
What is 13e0 (base 15) in base 4?
1002210
What is -408 (base 13) in base 5?
-10214
What is -405 (base 6) in base 8?
-225
What is 1175 (base 14) in base 3?
11011201
What is -11001110111001 (base 2) in base 12?
-77b5
-1c51 (base 15) to base 9
-8384
110001011100100 (base 2) to base 14
9324
What is -1c696 (base 13) in base 3?
-2211220101
100101000 (base 2) to base 3
101222
Convert -14f9 (base 16) to base 14.
-1d57
Convert -12543 (base 10) to base 14.
-47dd
What is 1a6 (base 15) in base 16?
17d
Convert -257 (base 13) to base 6.
-1522
What is 333 (base 14) in base 9?
773
254 (base 9) to base 15
e1
-2121 (base 8) to base 15
-4da
-1133 (base 16) to base 2
-1000100110011
10111101100 (base 2) to base 15
6b1
Convert 4046 (base 7) to base 15.
63b
Convert 131243 (base 6) to base 11.
9000
Convert -6529 (base 11) to base 5.
-233442
What is -1ad8b (base 14) in base 11?
-47538
Convert -15043 (base 11) to base 7.
-116140
2220200 (base 3) to base 2
100001001100
Convert -7d2 (base 14) to base 2.
-11000010100
5f4 (base 16) to base 13
903
What is 217 (base 8) in base 2?
10001111
Convert 111011121 (base 3) to base 5.
301401
Convert 584 (base 16) to base 10.
1412
Convert 108 (base 14) to base 9.
246
Convert f35 (base 16) to base 4.
330311
2212122 (base 3) to base 6
13412
-11011001000001 (base 2) to base 16
-3641
What is 321410 (base 5) in base 4?
2221213
Convert 6a21 (base 13) to base 5.
434044
What is -333240 (base 5) in base 10?
-11695
Convert -51101 (base 10) to base 11.
-35436
What is 100001101001 (base 2) in base 12?
12b5
What is -1048 (base 11) in base 8?
-2547
Convert -132431 (base 5) to base 4.
-1103312
What is 444 (base 15) in base 3?
1022201
-330 (base 14) to base 13
-396
What is -1000001111111 (base 2) in base 15?
-13b8
What is 4134202 (base 5) in base 3?
10110100110
Convert 131 (base 16) to base 7.
614
What is 1171 (base 10) in base 2?
10010010011
What is -1220030 (base 4) in base 